
Is 7051 a prime number?
False
Is 38189 prime?
True
Is 38023 prime?
False
Is 15927 a prime number?
False
Is 5609 a composite number?
True
Is 102359 prime?
True
Is 2903 a prime number?
True
Is 58027 a composite number?
False
Is 228353 composite?
False
Is 200761 a composite number?
True
Is 42203 a prime number?
False
Is 105071 composite?
False
Is 189803 composite?
True
Is 2224009 a composite number?
False
Is 581561 a composite number?
True
Is 22637 prime?
True
Is 44569 composite?
True
Is 5471 prime?
True
Is 11917 composite?
True
Is 37951 composite?
False
Is 24031 a composite number?
True
Is 248609 a prime number?
True
Is 84787 a composite number?
False
Is 541 prime?
True
Is 1039 a prime number?
True
Is 384899 a prime number?
False
Is 401 a composite number?
False
Is 149374 a prime number?
False
Is 216257 a prime number?
False
Is 234253 prime?
False
Is 49719 prime?
False
Is 3449 prime?
True
Is 20611 composite?
False
Is 134947 composite?
False
Is 13561 a composite number?
True
Is 7897 a composite number?
True
Is 7919 prime?
True
Is 5923 composite?
False
Is 99343 composite?
True
Is 342427 a composite number?
True
Is 18007 prime?
False
Is 39313 a prime number?
True
Is 55487 a composite number?
False
Is 752755 a prime number?
False
Is 554061 a composite number?
True
Is 236053 prime?
True
Is 127 prime?
True
Is 46337 a composite number?
False
Is 13111 composite?
True
Is 87011 a prime number?
True
Is 346157 composite?
True
Is 22439 a prime number?
False
Is 2185853 composite?
False
Is 69461 a prime number?
False
Is 362629 prime?
True
Is 7073 a prime number?
False
Is 509503 prime?
False
Is 560761 a prime number?
True
Is 40423 composite?
False
Is 40693 composite?
False
Is 3989 a composite number?
False
Is 80849 composite?
False
Is 81509 a composite number?
False
Is 7753 composite?
False
Is 3683 a prime number?
False
Is 421761 prime?
False
Is 1588222 a prime number?
False
Is 63853 prime?
True
Is 19607 composite?
True
Is 10739 a prime number?
True
Is 2129 a composite number?
False
Is 1195 prime?
False
Is 127481 prime?
True
Is 98393 a composite number?
True
Is 838 composite?
True
Is 642359 a prime number?
True
Is 242887 prime?
True
Is 60811 composite?
False
Is 21677 a composite number?
True
Is 865147 composite?
True
Is 165523 prime?
True
Is 372007 a composite number?
True
Is 120542 a prime number?
False
Is 237959 a composite number?
False
Is 669 a prime number?
False
Is 41869 a prime number?
False
Is 662443 composite?
False
Is 4583 a composite number?
False
Is 7901 a composite number?
False
Is 146149 a prime number?
False
Is 921839 prime?
True
Is 24071 a composite number?
False
Is 7233 a composite number?
True
Is 174389 composite?
False
Is 12929 a prime number?
False
Is 17761 a composite number?
False
Is 23207 a composite number?
True
Is 5381 prime?
True
Is 44841 composite?
True
Is 70753 prime?
True
Is 1892479 a prime number?
False
Is 357473 prime?
True
Is 5501 prime?
True
Is 15077 a prime number?
True
Is 31553 composite?
True
Is 37243 prime?
True
Is 419047 a composite number?
False
Is 12981 a composite number?
True
Is 10709 a prime number?
True
Is 32479 prime?
True
Is 88103 a composite number?
True
Is 46387 a composite number?
True
Is 10481 prime?
False
Is 6121 composite?
False
Is 852769 composite?
False
Is 31307 a prime number?
True
Is 16574 a composite number?
True
Is 8329 prime?
True
Is 12307 a composite number?
True
Is 19439 a prime number?
False
Is 38261 prime?
True
Is 322501 composite?
False
Is 870845 composite?
True
Is 84869 a composite number?
False
Is 138049 a composite number?
True
Is 90177 composite?
True
Is 367573 a composite number?
False
Is 373889 a composite number?
True
Is 177187 a composite number?
True
Is 368263 composite?
True
Is 706759 a prime number?
False
Is 977 a prime number?
True
Is 713 a composite number?
True
Is 102101 prime?
True
Is 8887 prime?
True
Is 67 composite?
False
Is 21703 prime?
False
Is 1643 a composite number?
True
Is 24439 composite?
False
Is 58067 composite?
False
Is 297559 a prime number?
False
Is 415751 a composite number?
True
Is 7355 a composite number?
True
Is 2161 a composite number?
False
Is 103289 a prime number?
True
Is 2901 composite?
True
Is 212785 composite?
True
Is 51565 a prime number?
False
Is 4279 a composite number?
True
Is 16087 composite?
False
Is 175867 prime?
False
Is 123581 composite?
False
Is 258947 a prime number?
False
Is 34363 prime?
False
Is 204553 prime?
False
Is 36553 composite?
True
Is 30953 a prime number?
False
Is 131987 a prime number?
False
Is 503 prime?
True
Is 30563 composite?
True
Is 84011 prime?
True
Is 1004363 a composite number?
False
Is 364103 a prime number?
True
Is 3793 prime?
True
Is 5163163 prime?
True
Is 1655 prime?
False
Is 9743 a composite number?
False
Is 65239 a prime number?
True
Is 24733 a prime number?
True
Is 45029 prime?
False
Is 471451 a prime number?
True
Is 1117 composite?
False
Is 10907 a composite number?
True
Is 25321 prime?
True
Is 10007 a composite number?
False
Is 2545 a prime number?
False
Is 190253 a composite number?
True
Is 20671 a composite number?
True
Is 64547 prime?
False
Is 81987 a composite number?
True
Is 548827 a prime number?
True
Is 98507 prime?
True
Is 20201 a composite number?
False
Is 4691 a composite number?
False
Is 1403 composite?
True
Is 12959 a prime number?
True
Is 30443 composite?
True
Is 4561 a composite number?
False
Is 86983 prime?
False
Is 8461 prime?
True
Is 32735 composite?
True
Is 12479 a prime number?
True
Is 571 a prime number?
True
Is 146467 a composite number?
True
Is 87197 composite?
True
Is 108973 composite?
True
Is 198127 composite?
False
Is 30307 a composite number?
False
Is 110359 a composite number?
False
Is 1770799 a prime number?
True
Is 278131 composite?
True
Is 764821 a composite number?
True
Is 337327 composite?
False
Is 3389 a prime number?
True
Is 1399 a prime number?
True
Is 203219 prime?
False
Is 913 a composite number?
True
Is 3511 composite?
False
Is 8681 composite?
False
Is 398287 a prime number?
True
Is 142391 prime?
True
Is 77641 prime?
True
Is 1077407 prime?
False
Is 120277 a composite number?
False
Is 2411 prime?
True
Is 1637 a composite number?
False
Is 13641 a prime number?
False
Is 15893 composite?
True
Is 141821 composite?
True
Is 1706 a composite number?
True
Is 1931 a prime number?
True
Is 8663 a prime number?
True
Is 66985 a composite number?
True
Is 4054 a prime number?
False
Is 1305155 prime?
False
Is 4406 prime?
False
Is 115559 prime?
False
Is 165302 prime?
False
Is 63485 a prime number?
False
Is 4081171 composite?
True
Is 781 prime?
False
Is 74467 a composite number?
True
Is 226087 a composite number?
False
Is 1174109 a composite number?
True
Is 941 prime?
True
Is 7197 a composite number?
True
Is 568427 composite?
True
Is 717357 a composite number?
True
Is 399881 prime?
False
Is 3403 a prime number?
False
Is 544411 a prime number?
False
Is 282023 prime?
False
Is 23531 prime?
True
Is 326 a composite number?
True
Is 10711 a composite number?
False
Is 22679 a prime number?
True
Is 61885 a prime number?
False
Is 7753 a composite number?
False
Is 16127 a prime number?
True
Is 49978 composite?
True
Is 54953 a composite number?
True
Is 3833 prime?
True
Is 39971 a prime number?
True
Is 6217 composite?
False
Is 14923 composite?
False
Is 43437 prime?
False
Is 176105 a prime number?
False
Is 52919 prime?
True
Is 29182 a prime number?
False
Is 13201 composite?
True
Is 23461 a prime number?
False
Is 65309 a prime number?
True
Is 24907 a composite number?
False
Is 55889 prime?
True
Is 2515817 prime?
True
Is 148883 composite?
True
Is 413443 a prime number?
True
Is 773263 a prime number?
False
Is 10057 a composite number?
True
Is 45943 a composite number?
False
Is 381 prime?
False
Is 240991 composite?
True
Is 335401 a prime number?
False
Is 513203 composite?
False
Is 66337 composite?
False
Is 739099 a composite number?
False
Is 129937 composite?
False
Is 63691 a composite number?
False
Is 61513 composite?
True
Is 58069 prime?
False
Is 416695 a prime number?
False
Is 19661 prime?
True
Is 17183 composite?
False
Is 14667 a prime number?
False
Is 10369 a composite number?
False
Is 89197 a prime number?
False
Is 9055 a prime number?
False
Is 395 prime?
False
Is 1596163 composite?
False
Is 9239 a prime nu